795501 a composite number?
False
Is 124675427 composite?
True
Is 2703849347 prime?
True
Is 2269363003 a composite number?
False
Is 3963620029 a prime number?
True
Is 19650273103 prime?
False
Is 929353699 a prime number?
True
Is 42124724843 composite?
False
Is 60097451 prime?
False
Is 27422487349 prime?
True
Is 2485427293 a prime number?
True
Is 1732518317 composite?
True
Is 44593425859 prime?
True
Is 2566885283 prime?
False
Is 43131289 prime?
False
Is 794104139 composite?
True
Is 945982277 prime?
True
Is 2071974821 prime?
False
Is 1858424279 a composite number?
False
Is 6939022003 composite?
False
Is 30851899867 composite?
True
Is 1109066983 composite?
True
Is 69912441461 a prime number?
True
Is 54035538069 prime?
False
Is 533160163 a composite number?
True
Is 1189248041 prime?
True
Is 1913159089 composite?
False
Is 22845933031 prime?
True
Is 2887692593 composite?
False
Is 169557481 a prime number?
True
Is 10229525543 composite?
True
Is 18064413757 a prime number?
False
Is 6659510527 a prime number?
False
Is 36122571257 composite?
False
Is 2296673059 a prime number?
True
Is 2592391885 composite?
True
Is 361772923 a composite number?
False
Is 154290501913 composite?
True
Is 24981523481 composite?
False
Is 3973459631 a composite number?
True
Is 4118722409 prime?
True
Is 4338534806 prime?
False
Is 23518058411 a composite number?
False
Is 1852628783 prime?
True
Is 150098323087 a composite number?
False
Is 4813449739 composite?
True
Is 758615353 composite?
True
Is 3043179323 a prime number?
False
Is 6370319903 composite?
True
Is 22521824735 prime?
False
Is 196972411 prime?
False
Is 6360619963 prime?
True
Is 7712384763 a prime number?
False
Is 590698103 a prime number?
True
Is 53769479003 a prime number?
True
Is 18431554297 composite?
True
Is 290891 composite?
True
Is 154045780178 a prime number?
False
Is 22702275361 composite?
False
Is 9724338781 a composite number?
True
Is 2031595613 composite?
True
Is 10864289803 composite?
True
Is 9287296597 a prime number?
False
Is 2542564807 composite?
False
Is 2842942361 prime?
False
Is 80885747 prime?
True
Is 411790411 a prime number?
False
Is 211106911 a composite number?
False
Is 21393642121 a prime number?
True
Is 394546363487 prime?
True
Is 4179113291 composite?
False
Is 86935980667 prime?
True
Is 537362303 composite?
False
Is 1634719211 prime?
True
Is 8566981403 prime?
True
Is 15940988753 a prime number?
True
Is 653739996889 prime?
False
Is 4156907061 a composite number?
True
Is 672488021 composite?
False
Is 1508016187 a prime number?
False
Is 54773737 a composite number?
True
Is 158080457 a composite number?
False
Is 436647451 a composite number?
False
Is 9200344451 a prime number?
False
Is 21306523265 prime?
False
Is 50639331833 composite?
False
Is 174644099681 a composite number?
False
Is 3141172715 prime?
False
Is 17768682071 composite?
True
Is 259731409307 composite?
False
Is 13565679961 a composite number?
True
Is 1998612949 a composite number?
False
Is 25459490689 a composite number?
False
Is 2206721942 prime?
False
Is 3003513827 a composite number?
False
Is 8753216101 composite?
True
Is 558590203 a prime number?
True
Is 6205769783 a prime number?
False
Is 44011193119 composite?
False
Is 2370360569 a composite number?
False
Is 681085147 composite?
True
Is 46483537997 prime?
False
Is 11820147179 a composite number?
False
Is 596785723 composite?
False
Is 776441027 prime?
False
Is 5891389759 a composite number?
True
Is 153534302221 composite?
False
Is 120700339306 a composite number?
True
Is 374606899 composite?
False
Is 250128363 a prime number?
False
Is 2968103269 prime?
True
Is 8160125777 a composite number?
False
Is 705263563 prime?
False
Is 44621795297 a prime number?
True
Is 2167072649 prime?
False
Is 106741712733 prime?
False
Is 17296968571 prime?
True
Is 695901139 a composite number?
True
Is 7816261039 a composite number?
True
Is 22340316329 composite?
True
Is 3329289437 prime?
False
Is 47871287623 a prime number?
True
Is 85573963 a composite number?
True
Is 19135823331 a composite number?
True
Is 17042932619 prime?
True
Is 1583608693 a composite number?
False
Is 8414773721 a prime number?
False
Is 25878379 a prime number?
True
Is 8963039749 prime?
True
Is 37406002899 composite?
True
Is 802828723 prime?
False
Is 4544095697 composite?
True
Is 1870481021 a prime number?
False
Is 50186808241 a composite number?
False
Is 8172968315 composite?
True
Is 6211788887 a prime number?
False
Is 969156101 prime?
False
Is 21271576861 a prime number?
False
Is 392490571 a prime number?
False
Is 1871561971 prime?
False
Is 526662407 a prime number?
True
Is 27900161 a composite number?
False
Is 10799059 a prime number?
True
Is 366777911 prime?
True
Is 2796427541 prime?
True
Is 1011895849 prime?
False
Is 230811437 a prime number?
False
Is 5840384257 composite?
False
Is 1523945047 composite?
False
Is 1876824221 a composite number?
True
Is 149800801 composite?
False
Is 9758927 a composite number?
False
Is 2225479807 a prime number?
False
Is 1032333767 composite?
False
Is 15193325909 a composite number?
True
Is 1976113831 prime?
False
Is 2342582513 composite?
False
Is 304952827 composite?
False
Is 6986081261 composite?
False
Is 2004526279 a composite number?
True
Is 391930421 prime?
False
Is 7477282315 a composite number?
True
Is 6949449383 a composite number?
False
Is 3444403009 composite?
True
Is 1780782667 prime?
True
Is 24771165557 composite?
True
Is 3666239051 prime?
True
Is 1879347515 a composite number?
True
Is 2076218003 composite?
True
Is 66632659 a composite number?
False
Is 773863089 composite?
True
Is 21103780697 composite?
False
Is 7576062911 a composite number?
True
Is 106485819301 a composite number?
False
Is 167599163 a composite number?
True
Is 5737276199 a prime number?
False
Is 2091211797 a composite number?
True
Is 731803211 prime?
False
Is 3977121119 prime?
True
Is 1431983533 composite?
False
Is 13850777651 prime?
True
Is 20438742767 prime?
True
Is 162989058413 a composite number?
True
Is 60417403 a composite number?
True
Is 1391476747 a composite number?
True
Is 124795406569 a composite number?
False
Is 1344284653 composite?
False
Is 9280859477 a composite number?
True
Is 7474243453 composite?
False
Is 109572021257 a prime number?
False
Is 858113239 a prime number?
True
Is 51297418897 prime?
True
Is 1556336585 a composite number?
True
Is 1534462903 a composite number?
True
Is 50034774253 a composite number?
False
Is 3188568998 composite?
True
Is 1656067129 composite?
True
Is 1221369521 a prime number?
False
Is 157639298 a composite number?
True
Is 162199141007 prime?
False
Is 1705295561 prime?
True
Is 1637292929 prime?
False
Is 459323483 a prime number?
False
Is 5597563921 composite?
False
Is 16877936773 a composite number?
True
Is 17203898021 composite?
False
Is 2912263121 a prime number?
False
Is 12119864899 composite?
False
Is 133504901 composite?
True
Is 16373771173 a composite number?
True
Is 305104003 prime?
True
Is 31431144131 prime?
True
Is 6961422451 a composite number?
False
Is 11904698537 prime?
False
Is 150249641 prime?
True
Is 44456853577 a prime number?
True
Is 19452547 a composite number?
False
Is 445766231 a prime number?
False
Is 9477292717 a prime number?
True
Is 2007739981 a prime number?
False
Is 2369713399 a prime number?
True
Is 13090567117 prime?
True
Is 1397748151 composite?
False
Is 6496405441 a prime number?
False
Is 14116637398 composite?
True
Is 177048797 a composite number?
False
Is 3275265341 prime?
True
Is 926625659 composite?
True
Is 49464032245 a composite number?
True
Is 1603304803 composite?
False
Is 71332718491 a composite number?
True
Is 2827829843 a composite number?
True
Is 15822196177 prime?
True
Is 1771757642 prime?
False
Is 784859381 a composite number?
True
Is 1209182573 prime?
False
Is 277051202309 a prime number?
False
Is 1154540083 a prime number?
False
Is 24260442901 prime?
False
Is 14317442791 composite?
True
Is 4663913 a prime number?
True
Is 6844140197 prime?
True
Is 3374044241 prime?
False
Is 2966291201 prime?
False
Is 37134976297 prime?
True
Is 9732497591 a prime number?
False
Is 837726887 composite?
False
Is 5505053461 a composite number?
False
Is 4465231871 prime?
True
Is 2707454053 a composite number?
True
Is 7776372239 composite?
Fal